/5 is divided by 17.
1
Suppose 0 = 2*v - 12 - 0. Let w(n) = -n**2 - 3*n - 9*n + 3*n + 3*n. Calculate the remainder when w(-3) is divided by v.
3
Suppose q + b - 45 = 0, -16*q + 2*b + 246 = -11*q. Suppose -56*a + 57*a - q = 0. What is the remainder when a is divided by 27?
21
Let s = 370 - 356. Let v(m) = -m**3 + 4*m**2 - 4*m + 1. Let n be v(5). Let u = 98 + n. Calculate the remainder when u is divided by s.
12
Suppose -24*j = -34*j + 1500. What is the remainder when j is divided by 51?
48
Calculate the remainder when 305 is divided by (3 - 45/12)/(35/(-3640)).
71
Let x = 204 - 154. Calculate the remainder when 194 is divided by x.
44
Suppose -25 = 2*y - 147. Let k = -71 + 69. What is the remainder when y is divided by (-2 + k)*((0 - 1) + -3)?
13
Suppose 3*q = -3*i + 51, 3*q - 6*q = 6. Calculate the remainder when 75 is divided by i.
18
Suppose -4*j - 5*r + 443 = -0*j, 5*j = 3*r + 526. What is the remainder when j is divided by 12?
11
Let d = -179 + 223. Calculate the remainder when d is divided by 13.
5
Suppose -14 = 5*r - 39. Let l = -10 + 17. Suppose p = -4*k + l, k - 5*p - 7 = -0. What is the remainder when r is divided by k?
1
Let c = -262 + 279. Calculate the remainder when 45 is divided by c.
11
Suppose 2*r - 151 = -0*r - a, 231 = 3*r + 3*a. Let c = 323 - 368. Let n = c + r. Calculate the remainder when n is divided by 6.
5
What is the remainder when (-2 + 120/4)*1/2 is divided by ((28/(-49))/(-1))/(2/14)?
2
Let t = -4 + 16. Suppose c = -2*p + 229, -131 = -p - 3*c - 14. Let f = p + -80. What is the remainder when f is divided by t?
10
Let h be 229/(-3) + (-6)/(-18). Let p = h - -95. What is the remainder when 36 is divided by p?
17
Let j = 13 - 3. Suppose -3*d = q - d + j, -3*d + 12 = 0. What is the remainder when (4/(-12))/(2/q) is divided by 2?
1
Let y(b) = 2*b - 1. Let w(p) = 8*p - 4. Let c be w(3). Suppose d - 1 - c = 0. Calculate the remainder when d is divided by y(6).
10
Suppose 8*z = 11*z + 45. Let q = z + 44. Calculate the remainder when (-3)/(12/(-112)*(-3)/(-6)) is divided by q.
27
Let y(j) = -5*j + 208. What is the remainder when 71 is divided by y(34)?
33
Suppose 396 = 15*j - 279. Suppose -9 = 4*t - j. What is the remainder when 23 is divided by t?
5
Suppose t + 0*t - 9 = 0. Suppose -15 = -p - 2*q, -2*q + 98 - 15 = 5*p. What is the remainder when p is divided by t?
8
Let c = 51 + -39. Suppose -105 - 131 = -2*h. Calculate the remainder when h is divided by c.
10
Let l(a) = -6*a**2 + 2*a**2 - 1 + 3*a**2 - a. Let h(d) = -5*d**2 + 5. Let z(i) = -h(i) - 3*l(i). What is the remainder when 16 is divided by z(1)?
7
Let q = -136 + 168. Let t(c) = 5*c**2 + 3*c + 3. What is the remainder when q is divided by t(-2)?
15
Let j(c) = c**3 + 2*c**2 - c + 4. Let k be j(3). Suppose 0 = 4*x - k - 54. Let g = 106 - 7. What is the remainder when g is divided by x?
24
Suppose -3*p + 3*z + 231 = -117, 0 = -3*z + 6. What is the remainder when p is divided by 12 + (-21 - -9) + 40?
38
Let p(z) = -14 + z**2 - 2*z**2 + 15*z + 3*z. Calculate the remainder when p(12) is divided by (3/(-4))/((-2)/40).
13
Let v = -1 - -112. Suppose 5*o - 3*a = o + v, 0 = 4*a + 4. Calculate the remainder when 77 is divided by o.
23
Let x = 576 + -440. Calculate the remainder when x is divided by 5.
1
Suppose 0*v - 17 = -2*v - 3*d, 26 = v - 2*d. Suppose -5*w + 4*y + 135 = 26, 3*w + 5*y = 58. What is the remainder when (-984)/v*4/(-6) is divided by w?
20
Let j(r) = -3*r + 326. What is the remainder when j(33) is divided by 69?
20
Suppose 22*g - 14*g = 16. What is the remainder when 8 is divided by g?
0
Calculate the remainder when (2 + (-741)/(-6))/((-2)/(-4)) is divided by 28.
27
Let n(b) = b**3 - 8*b**2 + 12*b - 24. Calculate the remainder when (180/16)/((-6)/(-16)) is divided by n(7).
8
Suppose 5*s - 4 = 3*f, 0*f + s = -3*f - 28. Let t = -2 + -20. Let u = f - t. Calculate the remainder when 41 is divided by u.
13
Let c = -32 - -28. Let b = c - -17. Calculate the remainder when 36 is divided by b.
10
Let k(i) = -i**2 + 21*i - 26. Calculate the remainder when 164 is divided by k(18).
24
What is the remainder when 314 is divided by (-1 - 1)*2*1752/(-219)?
26
Suppose -5 = 2*f - 11. Suppose g + f*g + h = -26, g - 5*h = 4. Let m(t) = -3*t - 11. Calculate the remainder when m(g) is divided by 2.
1
Suppose -23 + 73 = m. Let n(k) = -k + 3. Let r be n(-3). Suppose -3*g = o - r - 31, -5*g + 75 = -5*o. What is the remainder when m is divided by g?
11
Suppose -2*p + 68 = k - 151, 0 = 5*p - 20. What is the remainder when k is divided by 109?
102
Suppose -3*a = -2*t + 28, 0 = 5*a + 2*t + 48 - 12. What is the remainder when 35 is divided by (12/a)/(6/(-40))?
5
Calculate the remainder when 950/8 - 1 - (-7)/28 is divided by 32.
22
Let c = 150 - 131. Calculate the remainder when 74 is divided by c.
17
Suppose 4*v = 4*a + 20, -5*v + 2*a + 19 = -0*v. Calculate the remainder when -6 + 4 + (2 - 3 - -7) is divided by v.
1
Let h(j) = j**3 + 13*j**2 + 22*j + 5. What is the remainder when h(-4) is divided by 22?
17
Suppose -5*i + 300 = s, 7*s = 3*i + 12*s - 180. What is the remainder when 229 is divided by ((-5)/(i/(-232)))/((-1)/(-3))?
55
Suppose 22 = -5*b - 13. Let h = 6 + b. Calculate the remainder when (33/6)/(h/(-6)) is divided by 17.
16
Suppose -348 = -4*q - 5*s + 991, -3*q + 3*s = -1038. What is the remainder when q is divided by 23?
19
Suppose 538 - 25 = 27*s. Suppose 5*a - a - 372 = 0. Calculate the remainder when a is divided by s.
17
Let f be 0 + (2 - (2 - 3)). Suppose -5*w + 4*x + 99 = -9, -50 = -f*w - 5*x. Suppose 0 = r - 2*r + 77. What is the remainder when r is divided by w?
17
Let w(n) = -n**3 + 6*n**2 + 9*n - 31. What is the remainder when 61 is divided by w(6)?
15
What is the remainder when 17 is divided by (-2)/((-4)/(-2))*-13?
4
Suppose 3*y - 3*d + 56 = 2*d, -37 = 2*y - 3*d. Let w = 34 - y. What is the remainder when 152 is divided by w?
50
Suppose -9*p = -v - 14*p + 62, 0 = -2*v - 2*p + 148. What is the remainder when v is divided by 41?
36
Let c = 837 + -807. What is the remainder when c is divided by 16?
14
Let v(t) = -17*t - 421. What is the remainder when v(-29) is divided by 43?
29
Let x = -1823 + 1897. Calculate the remainder when x is divided by 21.
11
Suppose -v - 5*b = 4*v - 110, -15 = -3*b. Let f = -67 - -72. Calculate the remainder when v is divided by f.
2
Let c = 373 - 208. What is the remainder when c is divided by 13?
9
Let y(q) = 11*q - 138. Let a = 5 - 2. Suppose -a*k + 100 = k. Calculate the remainder when y(17) is divided by k.
24
Suppose 2*n - 57 = -7*i + 2*i, 59 = 3*i - 5*n. Let x = -7 + 41. What is the remainder when x is divided by i?
8
Suppose 6*f = 76 - 4. What is the remainder when 31 is divided by f?
7
Suppose -6*j + 11*j + 3*c - 155 = 0, 0 = -5*j + 4*c + 120. What is the remainder when 66 is divided by j?
10
Suppose 2*h - 659 - 27 = 0. What is the remainder when h is divided by 52?
31
Let h(b) = 2*b**3 + 122*b + 3 - 62*b - 63*b. Suppose 0*g - 3*k - 28 = -4*g, 4*g + 5*k + 4 = 0. What is the remainder when h(2) is divided by g?
1
Let a(m) = -18*m. Let q(r) = -r + 141. What is the remainder when q(0) is divided by a(-2)?
33
Suppose -303*y = -254*y - 5586. What is the remainder when y is divided by 31?
21
Let y(c) = 2*c**3 - 7*c**2 - 10*c + 64. Let i(a) = -17*a + 1. Calculate the remainder when y(5) is divided by i(-1).
17
Let n = 1213 - 400. Calculate the remainder when n is divided by 68.
65
Let o = -251 + 318. Suppose -q + 1 = 0, q + 10 = 5*j - 74. What is the remainder when o is divided by j?
16
Let x = 248 + -233. What is the remainder when 2458 is divided by x?
13
Let u(p) be the third derivative of -p**4/24 - p**3/3 + 5*p**2. Let c be u(-2). What is the remainder when 39 is divided by (-28 + c)*7/(-14)?
11
Suppose 15 = -3*y + 8*y. Suppose -10*n + 217 = -y*n. Calculate the remainder when n is divided by 17.
14
Let h(g) = -g**3 + 2*g - 1. Let i(o) = o**3 + 17*o**2 - 19*o - 4. Calculate the remainder when h(-4) is divided by i(-18).
13
Suppose -p = -2*p + 2. Let b(m) = -m**2 - 10*m + 9. What is the remainder when b(-10) is divided by p?
1
Let u(h) = 102*h + 1149. Let n = -13 + 19. What is the remainder when u(-11) is divided by n?
3
Suppose 259 = 4*i - 2*d + 85, 0 = -i - 2*d + 36. Let s(r) = -r - 3 - 3*r - 6 - 5. What is the remainder when i is di